 -x*k + 2. Give f(k).
2
Suppose 0 = 1354*a - 1355*a + 3. Let w(m) = 2*m**2 - 3*m + 1. Give w(a).
10
Suppose 0 = -27*f - 136 - 26. Let g(t) = 5*t**3 - 19*t**2 + t + 11. Let s(z) = -3*z**3 + 10*z**2 - 6. Let v(m) = 4*g(m) + 7*s(m). What is v(f)?
-22
Let u(h) = h**3 + 61*h**2 - 111*h + 946. Let l be u(-63). Let c(s) = -6*s**3 + s**2 - 3*s + 2. Calculate c(l).
-6
Let b be ((-4)/(-6))/((-3)/(-9)). Let t(h) = -5158*h + 5160*h - 2*h**2 + b + h**2 + 10*h**3 - 3. Determine t(1).
10
Let d(w) = w**3 - 14*w**2 + 47*w + 13. Let g be d(10). Let z(i) = -15*i + 1. Let l be z(6). Let a = g + l. Let v(x) = x**3 + 7*x**2 + 4*x - 2. What is v(a)?
10
Let z(w) = 7*w**2 + 253*w + 17. Let k(r) = 269*r - 7299. Let t be k(27). Give z(t).
-19
Let g(b) be the third derivative of -b**6/120 + b**5/20 + b**4/24 - 3*b**3/2 - 206*b**2. Give g(4).
-21
Suppose 7*v - 52 = -38. Let a be (5/(-5))/(v/8). Let l(m) = -4*m - 9. Calculate l(a).
7
Suppose -8*n + 13*n - 5*r + 25 = 0, 0 = -4*n + 5*r - 23. Let f(g) = -2*g**3 - 19*g**2 - 36*g - 8. What is f(n)?
4
Let l = -32 - -21. Let a = l + 8. Let r(z) = 728 + 4*z - 5*z**2 - z**3 - 725 - 5*z. What is r(a)?
-12
Suppose 32 = 4*b - 0*b. Let i(h) = -2*h - 5751. Let a(o) = 4*o + 14381. Let g(m) = -2*a(m) - 5*i(m). What is g(b)?
9
Let i(y) = 3 + 4*y - 2*y + 4*y + y**2. Let d(x) = 15*x**3 + 11*x**2 - 45*x + 2. Let w be d(3). Let a = 367 - w. Calculate i(a).
-5
Let c = -4597 + 4614. Let n(s) be the second derivative of -s**4/12 + 17*s**3/6 + 7*s**2/2 - 41*s. Determine n(c).
7
Suppose 0 = o + o - 52. Let f = o - 6. Suppose -5*q + f + 17 = -3*t, 5*t + 2*q + 10 = 0. Let l(d) = -4*d - 6. Calculate l(t).
10
Let f(m) = -13*m - 19. Let d(j) = -10*j - 18. Let r(o) = 5*d(o) - 4*f(o). Let a(x) = -x + 2. Let v(s) = -3*a(s) - r(s). What is v(-7)?
1
Let z(w) = 25*w**2 + 69*w + 186. Let q(y) = -28*y**2 - 73*y - 185. Let j(x) = -8*q(x) - 9*z(x). What is j(-31)?
-8
Suppose -18 + 4 = -7*t. Let r(w) = 3*w + 3*w**2 + 10*w**2 - 25*w**2 + 10*w**t + 3*w**2 - 5. Calculate r(-5).
5
Suppose -2*t + 5 - 25 = 2*a, 0 = -3*a - 4*t - 35. Let g = a + -1. Let f(p) = -404*p**3 + 7*p**2 + 136*p**3 + 4*p + p + 136*p**3 + 133*p**3 + 9. Calculate f(g).
15
Let m(n) be the second derivative of n**5/20 + 7*n**4/12 + 5*n**3/6 + 4*n**2 + 853*n. Suppose 5*l + 10 + 5 = -5*s, l = -3*s + 3. Calculate m(l).
14
Let q(p) = 2*p - 1. Let s(k) = -9*k + 26. Let n(m) = 6*q(m) + s(m). Suppose -2*c - 32 = -4*a, 9*c - 5*a + 19 = 10*c. Calculate n(c).
2
Let k(y) = 1 + 10 - 2 + 21 - 3*y. Let o(m) = -m + 10. Let r(p) = -6*k(p) + 17*o(p). Let g = 32 + -24. Calculate r(g).
-2
Let n(i) = i + 0*i + i**2 - 2 - 4*i**2. Suppose -36*w + 1058 = 1130. Calculate n(w).
-16
Let y(s) = s + 1. Let p be y(4). Let w = 86 + -84. Let o(b) = 16*b**2 - 15*b**2 - 6*b - w + 2 + 6 - 4. What is o(p)?
-3
Let n(z) = 4 + 0 + 1 - z + 4 - z**3. Let w(j) = -j**3 - 42*j**2 + 96*j + 352. Let g be w(-44). Determine n(g).
9
Let u(t) = t**2 - 34*t + 12. Suppose 119 = 111*m - 106*m + 3*g, 0 = -4*g - 28. What is u(m)?
-156
Let j(x) = -517*x + 16*x**2 + 1035*x - 496*x - x**3 - 84 + 0*x**2. Determine j(17).
1
Let c(g) = -3*g**3 - 16*g**2 - 19*g - 8. Let m be (-4)/((-5)/(-15)*-1*6 + 3). Give c(m).
4
Suppose 21*g + 12*g - 970 = -79. Let w(m) = m**3 - 26*m**2 - 27*m - 14. Calculate w(g).
-14
Let k(i) = -i**2 + 6*i - 2. Suppose 0 = -3*u - 533 + 98. Suppose 204 + 96 = 2*o. Let p = o + u. Give k(p).
3
Let n(m) = -125 - 21*m + 31 + 41 + 32 + 33. Determine n(6).
-114
Let j(i) = -122*i + 48*i + i**2 + 14 + 35*i + 27*i. Give j(12).
14
Suppose 5*b - 21 = 69. Suppose 0*k + 24 = 2*k - 4*a, b = 2*k - a. Let v(z) be the first derivative of -z**4/4 + 8*z**3/3 - z**2/2 + 6*z - 6. What is v(k)?
-2
Let s(b) = -52*b + 9*b**2 + 132*b - 14 - 34*b + b**3 - 52*b. Calculate s(-7).
126
Let t(m) = 17 - 31*m - 45 + 34*m - 7. Calculate t(13).
4
Let b(q) be the second derivative of -q**6/360 - q**5/60 + 31*q**4/4 - q**2 + 21*q - 2. Let f(v) be the third derivative of b(v). Give f(-7).
12
Let v(m) = -m**2 - 9*m - 6. Let r(o) be the second derivative of -o**4/6 + 7*o**3/6 + 31*o**2/2 + 70*o - 1. Let l be r(-3). Give v(l).
2
Let t(u) = -u**3 + 6*u**2 - 2*u - 11. Suppose -14 = -8*g + 26. Let j be t(g). Let v(d) = -j - 2*d - 1 + 2. Determine v(6).
-15
Let h be ((-308)/140)/((-3)/(-15)). Let t(n) = n**2 + 12*n + 2. Determine t(h).
-9
Let n(y) = -59*y + 215. Suppose -29 - 395 = -106*r. What is n(r)?
-21
Let w = -343 + 352. Let x(g) = g - 11. Give x(w).
-2
Let g(p) = -p**2 - 7*p - 2. Let y be g(-6). Let a(m) = 6*m + 9. Let h(z) = 18*z + 25. Let u(l) = y*h(l) - 11*a(l). Give u(-1).
-5
Suppose a - 3762 = -5*q + 1815, 0 = -3*q - 2*a + 3342. Let c(j) = -j + 2222 - q - 1114. Give c(-6).
-2
Let x be (0 - 24/(-18))/((-5)/(180/(-8))). Let q(y) = 3*y**2 - 25*y + 1. Calculate q(x).
-41
Let j(q) = 5*q**2 + 40*q + 45. Let m(v) = -v**3 + 2*v**2 + 6*v - 18. Let p be m(2). Give j(p).
-15
Let g(n) = 82 + 5*n - 74 - 4 - 3. Give g(-1).
-4
Let o(u) = 2*u**2 + u - 1. Let k be o(-2). Let f = k + -11. Let x(q) = 0 + 12*q**3 - 9 - 13*q**3 - 5*q + 2 + 2 - 7*q**2. Calculate x(f).
-11
Suppose -616*x = -662*x + 1748. Let g(y) = -3*y**2 + 112*y + 76. Calculate g(x).
0
Let b(v) = 19*v**2 - 9*v + 8. Let k(x) = -87*x**2 + 38*x - 36. Let m(i) = -9*b(i) - 2*k(i). Give m(3).
42
Let f(j) = 4*j**2 + 99*j - 136. Let x be f(-26). Let y(i) = -2*i**2 - 8*i - 13. Give y(x).
-37
Let w(x) be the third derivative of -x**5/15 - 5*x**4/24 - 2*x**3/3 - 37*x**2. Let c(h) = -h**3 + 19*h**2 - 85*h + 9. Let q be c(12). Calculate w(q).
-25
Let p(v) = v**3 + v - 2. Suppose -2*x + 20 = 4. Suppose 6*t - 10*t = -x. What is p(t)?
8
Let f(t) = -12*t - 5. Let g(l) = 6*l + 2. Let x(j) = 3*f(j) + 5*g(j). Let u(p) = -24*p + 19. Let n be u(1). Calculate x(n).
25
Let t(g) = -8*g + 7. Let y be (-9)/18*(7 + -7)/(-8). Determine t(y).
7
Let s(u) = -19*u**3 + u**2 + 2*u - 1. Let r(c) = -3*c**3. Suppose -2*t + 6*g - 2*g - 4 = 0, -3*g = -t - 6. Let f(y) = t*r(y) - s(y). Give f(2).
1
Let g(m) = m**2 + 12*m - 218. Let w be g(10). Let l(d) be the first derivative of 9 + 2*d + 5/2*d**w. Give l(-2).
-8
Let u(t) = -15*t**3 + 10*t**2 - 7*t + 14. Let b(g) = 7*g**3 - 5*g**2 + 3*g - 7. Let h(c) = 13*b(c) + 6*u(c). Let o be 10*((-30)/(-12) - 2). Give h(o).
-22
Let o(f) = -6*f - 15. Let d = -4739 - -4738. Determine o(d).
-9
Let s(t) = -t**2 - 8*t - 4. Let l be (-1)/(54/14 - 4). Suppose l*j = -20 + 6. Let b be (3*(-5 - -4) + j)*1. Determine s(b).
11
Let n(y) = 6*y**3 + 4*y**2 + y + 4. Let m be (-10758)/5216 - 2/(-32). Give n(m).
-30
Let p(i) = 2*i + 47. Let m be p(-21). Suppose 2*h + 15 = -m*j + 7*h, 4*j - 13 = -h. Let n(v) = -12*v - 1 + v**j - 5 + v**2 + 8*v. Give n(5).
24
Let p(n) = -n**2 + 11*n + 4. Let l(x) = -4*x**2 - 36*x - 30. Let w(b) = l(b) - 2*p(b). Determine w(-28).
18
Let i(t) be the second derivative of -t**5/20 - t**4/3 + 7*t**3/6 + 3*t**2 + 2*t. Let d(z) = -121*z + 1326. Let k be d(11). Give i(k).
-4
Let l(r) = 4*r - 6. Let x = 19787 + -19789. Calculate l(x).
-14
Let u(z) be the third derivative of z**5/60 + 11*z**4/24 + 5*z**3/2 - 1677*z**2. Determine u(-6).
-15
Let s(p) be the first derivative of p**4/4 - 7*p**3/3 - 7*p**2/2 - p - 2. Let o(l) = -l - 7. Let j be o(-9). Suppose -j*t + 32 = 2*t. What is s(t)?
7
Suppose 7*n + 9 = 23. Let g = 4 - -29. Let l(a) = n + g*a + 32*a - 66*a. Determine l(3).
-1
Let j(f) = -11*f**2 - 62*f - 107. Let x(m) = -3*m**2 - 19*m - 36. Let z(c) = 3*j(c) - 8*x(c). Determine z(-1).
-8
Suppose -2*i + 1 = -n + 14, 5*n = -4*i - 33. Let r(s) = 5 + 3 + s + 0. Give r(i).
1
Let i be 154/((-220)/10) + 3/((-54)/(-129)). Let k(q) be the second derivative of 1/2*q**2 + i*q**3 + 0 - 20*q. Calculate k(4).
5
Let m(t) = t**2 + 9*t - 20. Let d = -18281 + 18269. Calculate m(d).
16
Let m(q) = 11 - 6 - 2 - 9*q + 9 + 8*q. Determine m(-16).
28
Let y(j) = 26*j - 2. Let m(i) = -618*i + 42. Let g(h) = -m(h) - 24*y(h). Suppose 0 = 4*r - 8 - 0. What is g(r)?
-6
Let y(q) = 6*q + 97. Let z be y(-15). Let m(j) be the first derivative of -j**2 + 7*j + 70. Give m(z).
-7
Let p(i) = -3*i + 3. Let w(f) = 23 + 13 - 29 - 7*f. Let b(h) = -10*p(h) + 4*w(h). Let k be (-2)/(-5) - (0 - (-264)/60). Give b(k).
-10
Let s(l) be the first derivative of -2*l**3/3 - 6*l**2 + 13*l + 3067. Determine s(-6).
13
Let m(q) = -3*q**3 - q**2 + 2*q - 1. Let g(j) = j**3 - j*